factors of b.
13
What are the prime factors of (-644)/(-12) - (-2)/(-3)?
53
Let l(x) = x**2 + 2*x - 2. Let w(q) = -q + 1. Let m be w(-4). Let r be l(m). Suppose 5*y = 3*n + r, -2*y - 6*n + n = -38. What are the prime factors of y?
3
Let o = -2 + 3. Let x = o + 8. List the prime factors of x.
3
Let v(x) = x + 11. Let p be v(-9). Let j = 1 + p. What are the prime factors of j?
3
Let w = 17 + -12. What are the prime factors of ((-8)/w)/((-2)/10)?
2
Suppose -3*s + 144 = 2*d, -2*d = -3*s + 2*d + 144. What are the prime factors of (3 - -1)/8*s?
2, 3
Let j be (-76)/(-18) - 6/27. List the prime factors of (j + 1)*(-6)/(-5).
2, 3
Let c(w) = -w + 7. Let s be c(4). Suppose 3*u - 21 = -s. List the prime factors of u.
2, 3
Let o(j) = j**3. Let y(c) = -5*c**3 - c - 10. Let b(v) = -6*o(v) - y(v). What are the prime factors of b(0)?
2, 5
Let n(z) = -z**2 + z + 50. Let l be n(0). List the prime factors of (1/(-2))/((-5)/l).
5
Let i = 211 - 41. What are the prime factors of i?
2, 5, 17
Let m = 19 + -37. Let n = m - -26. What are the prime factors of n?
2
Let u be 3/(9/2 + -3). Suppose -a - 21 = n - 2*n, 26 = 2*n + u*a. What are the prime factors of n?
17
Suppose 2*u - 16 = -3*t, 0*u = -4*u - t + 12. Suppose -131 = -3*j - 2*x, x + 141 = 3*j - u*x. List the prime factors of j.
3, 5
Suppose x - 13 + 2 = 0. Suppose -3*c = 2*r - x, 4*r + 13 = -0*r + c. Let t = 0 - r. What are the prime factors of t?
2
Let v(i) = -15*i - 1. What are the prime factors of v(-2)?
29
Suppose -153 - 173 = -2*a. What are the prime factors of a?
163
Suppose 4*j - 7*j + 3 = 0, 0 = -5*c - 4*j - 171. Let v be 416/14 - 10/c. Let b = v + -21. What are the prime factors of b?
3
Let l(p) = -p**2 - 11*p + 13. Let r be l(-11). Let n = 23 + r. What are the prime factors of n?
2, 3
Let o(m) = m + 23. List the prime factors of o(-14).
3
Let u(i) = -24*i + 34. What are the prime factors of u(-6)?
2, 89
Suppose 4*s - s = -5*z + 199, -5*s - 4*z + 349 = 0. Suppose 3*g - s = 11. What are the prime factors of g?
2, 7
Let n be 4/(-22) + 994/22. Suppose -c + n = -6*c. Let y = 19 + c. What are the prime factors of y?
2, 5
Suppose 5*o - 720 = -3*s, -o - s = -3*o + 299. Suppose k + o = 5*u + 52, 0 = 5*k - 25. List the prime factors of u.
2, 5
Suppose 4*b = 3*q - 65, 4*b + 119 = 5*q - 0*q. What are the prime factors of q?
3
Let k(l) = 25*l**2 - l + 2. Let c = -6 + 7. What are the prime factors of k(c)?
2, 13
Suppose 2*p - 10 = 3*x, 8 = -0*x - 5*x - p. Let t be (x + 0)/1 + 22. Suppose 0*c - 2*c - 8 = -4*h, 4*h - t = -4*c. What are the prime factors of c?
2
Let v be 9/(-54) - (-1538)/12. Suppose 2*n = 4*n + 8, -2*n = 4*b - v. What are the prime factors of b?
2, 17
Let j = -7 + 23. What are the prime factors of j?
2
Let u = 743 + -336. List the prime factors of u.
11, 37
Let f(g) = -g**3 + 2*g**2 + g + 3. Let y be f(3). Let b = y - -8. Let a = b + 8. What are the prime factors of a?
13
Let c be 3*(2 + (-4)/3). Let s(a) = a**2 - 2*a + 2. Let z be s(c). What are the prime factors of -1*z/4*-14?
7
Let m = 5 - 5. Let p be -4 + 1/(-1 + m). List the prime factors of (-3)/p + (-7)/(-5).
2
Suppose 148 = 4*l - 3*v, 2*l - v + 2*v - 74 = 0. List the prime factors of l.
37
Suppose -3*o + 3*z = -2*o - 13, -2*z = 3*o + 5. What are the prime factors of -1 - -2 - (o + -7)?
7
Suppose -b + 3*u = -5, 2*b = -5*u + u. List the prime factors of 2 - (-4)/b*3.
2
Suppose 5*o - 112 = o. Let g = -19 + o. What are the prime factors of g?
3
Let d = 3 - -2. Let y(u) = 3*u - 7. Let r be y(d). Let h(l) = -l**2 + 9*l + 2. What are the prime factors of h(r)?
2, 5
Let o be ((-1)/(-3))/((-2)/(-18)). Suppose 14 = o*s - 43. What are the prime factors of s?
19
Suppose 2*g = -3*g - 270. Let t = 82 + g. List the prime factors of t.
2, 7
Suppose 3*j = 3*y + 3, 3*j = 2*j - 2*y + 1. Suppose -4*w - 3*f + 1 = 0, 14 = 2*w - f + j. List the prime factors of w.
2
Let h = -6 + 5. Let w = 2 + h. List the prime factors of 2/(w/12*2).
2, 3
Suppose -6*w + 20 = -2*w, -4*r - 2*w = 14. Let k be (2/3)/((-2)/r). Suppose -2*c = m + m - 16, 0 = -k*m - c + 16. List the prime factors of m.
2
Let f = 117 - 29. What are the prime factors of f?
2, 11
Suppose 4*w + v + 3*v = -12, -2*w - 4*v = 10. List the prime factors of w - (4*-1 + -2).
5
Let q(v) be the first derivative of 2 + v - 1/4*v**4 - v**2 + 4/3*v**3. What are the prime factors of q(3)?
2
Let b = -18 + 18. Suppose b = -2*s - 3*i + 124, -10 = -i - 4*i. List the prime factors of s.
59
Let l be -3 + (-3)/(-3) + 5. Suppose l = -0*x + x. Suppose -4*d + x*m = -55, m + 6 = 1. List the prime factors of d.
2, 5
Suppose 0 = 3*b - 6. Suppose -h = 4*u - 35, -2*u + b = -3*u. What are the prime factors of h?
43
Suppose -8*l + 187 = -221. List the prime factors of l.
3, 17
Let w(t) = -t**3 + t - 1. Let z be w(-2). Suppose 0*i = i - 2. Suppose 3*b - i*b - z = 2*q, 0 = -2*b + 5*q + 7. List the prime factors of b.
11
Let u(i) = -i. Let l(h) = -h**2 - h - 1. Let y be l(-3). Let t be u(y). Suppose t = -3*x + 19. List the prime factors of x.
2
Let y(o) be the first derivative of -o**2 + 4*o + 13. Let h(l) = 3*l + 7. Let n be h(-5). List the prime factors of y(n).
2, 5
Let r(p) = -2*p - 4. What are the prime factors of r(-11)?
2, 3
Let z = 47 - 17. What are the prime factors of z?
2, 3, 5
Let s = 60 + 109. Let w be s/9 + (-4)/(-18). Suppose -3*d - w = -4*d - 2*m, -2*d = 5*m - 43. What are the prime factors of d?
3
Let g be 0*(-3 - 30/(-9)). Let c be (-2)/(-4)*(-8)/(-2). Suppose g*a - c = -a. List the prime factors of a.
2
Let m be ((-8)/(-12))/(1/6). Let c = m - 2. What are the prime factors of c?
2
Let t be 8/5*25/10. Suppose -3*b - 5*m + 1 = -15, 0 = t*b + m - 10. Suppose -f + 6 = b*f. List the prime factors of f.
2
Suppose f = -3*f - 4. Let c be ((-3)/(-9))/f*-78. Let s = 36 - c. List the prime factors of s.
2, 5
Let w = -20 + 52. Suppose -1 = -3*s + w. What are the prime factors of s?
11
Let s(v) = 0*v + 0 + 2 + 6*v**2 + 4*v. What are the prime factors of s(-2)?
2, 3
Suppose -w + 26 = 2*l, -5*l = -w + 19 + 7. List the prime factors of w.
2, 13
Let m be (4 + -4)/(-2 - 0). Suppose -3*q + q = -w - 6, q + w - 3 = m. Suppose -o = q*h - 4*o - 15, 2*h - 28 = -4*o. What are the prime factors of h?
2
Let z(q) = 5*q**2 - q - 22. What are the prime factors of z(5)?
2, 7
Let f = -10 + 15. Suppose 0*h - f = -h. Suppose 4*b + h*d = b + 1, 3*b + d = 17. List the prime factors of b.
7
Let w(f) be the first derivative of -3*f**4/4 - f**3 + f**2/2 + 2*f - 3. List the prime factors of w(-2).
2, 3
Suppose 5*v - 7*o - 21 = -3*o, -3*o - 7 = -2*v. List the prime factors of v.
5
Suppose -16*g = -11*g - 175. List the prime factors of g.
5, 7
Let h be (0 + (-4)/4)*-5. Let a = h + 17. List the prime factors of a.
2, 11
Let m(c) = 2*c**2 - 8*c + 1. What are the prime factors of m(7)?
43
Suppose -5*y + 7 - 22 = 0. Suppose 14*j - 10*j + 12 = 0. List the prime factors of ((-7)/y)/((-1)/j).
7
Suppose 0 = 4*x - 1 - 7. Let o(k) = 8*k**3 + 3*k**2 - 4*k + 2. Let l be o(x). Suppose -5*v - 11 + 91 = 5*u, 5*u - l = 5*v. What are the prime factors of u?
3, 5
Let u(c) = 3*c**2 + 3. List the prime factors of u(-5).
2, 3, 13
Let m(n) = -n**2 - 14*n - 7. List the prime factors of m(-8).
41
Let f(z) = z + 7. Suppose -q = 4*q. What are the prime factors of f(q)?
7
Let y = 34 - 24. Let o(k) = -k**2 + 10*k + 4. Let p be o(y). Suppose 4*q = 4*h + 12, 2*q - 5*q + 4*h + p = 0. List the prime factors of q.
2
Suppose 0 = -0*v + v - 5*j - 156, 0 = 3*v - 2*j - 533. List the prime factors of v.
181
Suppose 5*b + 2 = 3*l, 2*l + 4*b - 2 = 5*l. Let m be (-51)/l - (-6)/4. Suppose z - m = 1. List the prime factors of z.
11
Suppose -3*x = -2*n + 41, -3*n = x - 20 - 25. Let i = 11 - n. Let t = -3 - i. List the prime factors of t.
2
Let q = -1 - -2. Suppose -z + 3 - q = 0. List the prime factors of z.
2
Let y = 377 - 160. List the prime factors of y.
7, 31
Suppose -2*k + 25 = 3. What are the prime factors of k?
11
Let r be (-2 + -7)/(-3) + -54. Let d = r - -87. Suppose 0*y + 3*y - d = 0. List the prime factors of y.
2, 3
Suppose 2*c - 3 - 1 = 0. Suppose 2*z - 6*z = 3*d - 19, 0 = -2*z - c*d + 8. Let t = 18 - z. What are the prime factors of t?
11
Suppose 0 = -5*u - 2*l + 688, -2*l + 63 + 81 = u. What are the prime factors of u?
2, 17
Suppose 0*t - 4*t = -8. Let k be ((-8)/24)/(t/(-24)). Suppose 3*w 